{"id":1857,"date":"2021-09-10T10:05:00","date_gmt":"2021-09-10T08:05:00","guid":{"rendered":"http:\/\/www.lehrpraxis.or.at\/?page_id=1857"},"modified":"2022-03-13T13:43:06","modified_gmt":"2022-03-13T11:43:06","slug":"datenschutzerklaerung","status":"publish","type":"page","link":"https:\/\/www.lehrpraxis.or.at\/?page_id=1857","title":{"rendered":"Datenschutzerkl\u00e4rung"},"content":{"rendered":"\n<h2>Wer wir sind<\/h2>\n\n\n\n<p><strong class=\"privacy-policy-tutorial\"><\/strong>Die Adresse unserer Website lautet: <em>http:\/\/www.lehrpraxis.or.at<\/em>. Zurzeit ist diese ebenfalls erreichbar unter <em>www.lehrpraxis.net<\/em>.<\/p>\n\n\n\n<p>Das Impressum finden Sie bei Bedarf <a href=\"http:\/\/www.lehrpraxis.or.at\/?page_id=33\">hier<\/a>. <\/p>\n\n\n\n<h2>Eingebettete Inhalte von anderen Websites<\/h2>\n\n\n<p style=\"text-align: justify;\">Sollten Beitr\u00e4ge auf dieser Homepage eingebettete Inhalte beinhalten (wie externe Videos, vereinzelt auch Abbildungen), so ist zu beachten, dass eingebettete Inhalte im Falle von anderen Quellen (zu nennen w\u00e4re hier bspw. Youtube) sich exakt so verhalten, als ob Sie diese andere Website per Link besucht h\u00e4tten. Dies liegt weniger an der konkreten Beschaffenheit unserer Homepage (wir sind stets um Datensparsamkeit sowie einem geringen Daten-Fu\u00dfabdruck beim Seitenaufruf bem\u00fcht), sondern entspricht der aktuellen Funktionsweise des Webs bei Verlinkung von Inhalten, wie sie im Hintergrund still vonstatten geht, via Abruf von angefragten Daten auf Servern \u00fcber das Internet (wer im Zuge dessen extern mitloggt, ist schwer \u00fcberpr\u00fcfbar, und in aller Regel ein komplexer Ablauf). Wir hingegen haben kein Interesse an Ihren Daten.<\/p>\n<p style=\"text-align: justify;\">Auf die konkrete Funktionsweise und das jeweilige Verhalten fremder Websites haben wir allerdings keinerlei Einfluss. D.h. diese Websites k\u00f6nnten u.U. Daten sammeln, wie bspw. Ihren Aufruf mitloggen (z.B. die IP Adresse Ihres Endger\u00e4tes sowie weitere Browserkennzahlen), Cookies benutzen, evtl. zus\u00e4tzlich Tracking-Dienste von Dritten dabei einbinden und\/oder Ihre weiteren Interaktionen mit dem eingebetteten Inhalt ggfs. aufzeichnen (wenn Sie bspw. dar\u00fcber einen nachfolgenden Videoclip anschauen); auch eine Verkn\u00fcpfung bzw. Zusammenf\u00fchrung von Daten w\u00e4re denkbar (u.a. wenn Sie dort ein Benutzer\/innenkonto haben und dar\u00fcber angemeldet bleiben). D.h. Umfang und Datenschutz h\u00e4ngen stets von der Beschaffenheit und Funktionsweise der externen Quelle(n) ab. Und die liegen au\u00dferhalb unserer Wirkbereiches. Wir sind bem\u00fcht, auf der Homepage die genaue Verlinkung, wie zum Beispiel im Falle der Einbettung eines Videos, jeweils auszuweisen. <em>Es gelten die jeweiligen Datenschutzbestimmungen\/AGBs<\/em>.<\/p>\n<p style=\"text-align: justify;\"><!--more--><\/p>\n\n\n<h2>Kommentare<\/h2>\n\n\n\n<pre class=\"wp-block-verse has-text-align-left\"><strong class=\"privacy-policy-tutorial\">Zurzeit ist diese Funktion f\u00fcr Sie nicht freigeschalten, daher f\u00fcr Sie nicht von Relevanz: <\/strong>Wenn Besucher und Besucherinnen Kommentare auf der Website schreiben und hinterlassen, werden die von Ihnen eingegebenen Daten, wie sie im Kommentar-Formular angezeigt werden, serverseitig aufgezeichnet, au\u00dferdem die IP-Adresse sowie der sogenannte User-Agent-String (damit wird der Browser identifiziert), damit eine Erkennung von Spam m\u00f6glich ist.<\/pre>\n\n\n\n<pre class=\"wp-block-verse\">Aus Ihrer E-Mail-Adresse kann u.U. eine anonymisierte Zeichenfolge erstellt (auch Hash genannt) und dem Gravatar-Dienst \u00fcbergeben werden, um zu pr\u00fcfen, ob Sie diesen benutzen (Datenschutzerkl\u00e4rung des Gravatar-Dienstes hier abrufbar: https:\/\/automattic.com\/privacy\/ ). Nachdem Ihr Kommentar freigegeben worden ist, wird Ihr Profilbild \u00f6ffentlich, d.h. f\u00fcr alle Personen, die diese Seite \u00fcbers Internet aufrufen inkl. Ihrem Kommentar-Text sichtbar.<\/pre>\n\n\n\n<h2>Medien<\/h2>\n\n\n\n<pre class=\"wp-block-verse\"><strong class=\"privacy-policy-tutorial\"><strong class=\"privacy-policy-tutorial\">Zurzeit ist diese Funktion f\u00fcr Sie nicht freigeschalten, daher f\u00fcr Sie nicht von Relevanz<\/strong>: <\/strong>Wenn Sie ein registrierter User bzw. UserIn sind und Fotos auf diese Website hochladen, seien Sie sich bewusst, dass andere Besucher und Besucherinnen dieser Website Fotos, die Sie mit der \u00d6ffentlichkeit teilen und somit auf dieser Website hinterlegt sind, herunterladen und (falls enthalten) deren Standort-Information extrahieren k\u00f6nnten. Ver\u00f6ffentlichen Sie daher nichts unbedacht.<\/pre>\n\n\n\n<h2>Cookies<\/h2>\n\n\n\n<pre class=\"wp-block-verse\">Wenn Sie einen Kommentar auf unserer Website schreiben (zurzeit wird dieses Feature nicht angeboten; daher nicht relevant), kann das eine Einwilligung sein, Ihren Namen, E-Mail-Adresse und Website in Cookies zu speichern. Dies ist eine Komfortfunktion, damit Sie nicht, wenn Sie einen weiteren Kommentar schreiben, all diese Daten erneut eingeben m\u00fcssen. Diese Cookies bleiben ein Jahr lang hinterlegt.<\/pre>\n\n\n\n<pre class=\"wp-block-verse\">Falls Sie ein Konto haben und sich auf dieser Website pers\u00f6nlich anmelden, wird stets ein tempor\u00e4res Cookie gesetzt, um festzustellen, ob Ihr Internet-Browser Cookies akzeptiert. Dieses tempor\u00e4re Cookie enth\u00e4lt keine personenbezogenen Daten und wird verworfen, Sobald Sie Ihren  Browser schlie\u00dfen.<\/pre>\n\n\n\n<pre class=\"wp-block-verse\">Wenn Sie sich anmelden, wird die Website einige Cookies einrichten, um Ihre Anmeldeinformationen und Anzeigeoptionen f\u00fcr Sie zu speichern. Anmelde-Cookies verfallen nach zwei Tagen und Cookies f\u00fcr die Anzeigeoptionen nach einem Jahr. Falls Sie bei der Anmeldung \u201eAngemeldet bleiben\u201c ausw\u00e4hlen, wird Ihre Anmeldung zwei Wochen lang aufrechterhalten. Mit der Abmeldung aus Ihrem Konto werden die Anmelde-Cookies gel\u00f6scht.<\/pre>\n\n\n\n<pre class=\"wp-block-verse\">Wenn Sie einen Artikel bearbeiten oder ver\u00f6ffentlichen, wird ein zus\u00e4tzlicher Cookie in Ihrem Browser gespeichert. Dieser Cookie enth\u00e4lt keine personenbezogenen Daten und verweist nur auf die Beitrags-ID des Artikels, den Sie gerade vorhin bearbeitet haben. Der Cookie verf\u00e4llt nach einem Tag.<\/pre>\n\n\n\n<h2>Mit wem werden Daten geteilt<\/h2>\n\n\n\n<pre class=\"wp-block-verse\">Was Sie ver\u00f6ffentlichen ist \u00f6ffentlich. Wissentlich teilen wir dar\u00fcber hinaus keine Ihrer Daten. Bei Verlinkung auf externe Inhalten, wie bspw. auf Youtube, kann ein Abfluss von Daten die Folge sein, wie Ihre IP-Adresse udgl. (s.o.)<\/pre>\n\n\n\n<pre class=\"wp-block-verse\">Besucher-Kommentare k\u00f6nnten von einem automatisierten Dienst zur Spam-Erkennung untersucht werden.<\/pre>\n\n\n\n<pre class=\"wp-block-verse\"><strong class=\"privacy-policy-tutorial\">Zurzeit ist keine Anmeldung durch UserInnen wie Sie vorgesehen, daher f\u00fcr Sie als Besucher\/in der Homepage nicht relevant: <\/strong>Wenn Sie eine Zur\u00fccksetzung des Passworts beantragen, wird Ihre IP-Adresse in der E-Mail zur Zur\u00fccksetzung enthalten sein.<\/pre>\n\n\n\n<h2>Wohin gehen die Daten<\/h2>\n\n\n\n<pre class=\"wp-block-verse\">Daten der Homepage inkl. die von Ihnen eingegeben Daten (zurzeit nicht vorgesehen!) liegen auf einem Server gespeichert und bleiben abrufbereit, sonst w\u00e4re die Homepage nicht f\u00fcr Sie \u00fcber das Internet erreichbar. Daten finden im Rahmen dieser Website Verwendung - zum Einsatz kommt hierzu WordPress - , werden von uns dar\u00fcber hinaus jedoch nicht ausgewertet. Diese Seite ist \u00f6ffentlich zug\u00e4nglich. Inhalte daher online einsehbar.<\/pre>\n\n\n\n<h2>Wie lange bleiben Daten gespeichert<\/h2>\n\n\n\n<pre class=\"wp-block-verse\"><strong class=\"privacy-policy-tutorial\"><strong class=\"privacy-policy-tutorial\"><strong class=\"privacy-policy-tutorial\">Zurzeit ist diese Funktion f\u00fcr Sie nicht freigeschalten, daher f\u00fcr Sie nicht von Relevanz<\/strong><\/strong>: <\/strong>Wenn Sie einen Kommentar schreiben, wird dieser inklusive Metadaten zeitlich ohne Ablaufdatum gespeichert. Auf diese Art k\u00f6nnen wir Folgekommentare automatisch erkennen und freigeben, ohne auf eine Moderations-Warteschlange zur\u00fcckzugreifen. F\u00fcr User und Userinnen, die sich auf unserer Website registrieren (zurzeit ebenfalls nicht vorgesehen), speichern wir zus\u00e4tzlich die pers\u00f6nlichen Informationen, die sie in ihren Benutzerprofilen angeben. Alle Benutzer und Benutzerinnen k\u00f6nnen jederzeit ihre pers\u00f6nliche Informationen einsehen, ver\u00e4ndern oder l\u00f6schen (der Benutzername kann jedoch nicht ver\u00e4ndert werden). Unsere Administratoren und Administratorinnen der Homepage k\u00f6nnen diese Informationen ebenfalls einsehen und ggfs. ver\u00e4ndern. <\/pre>\n\n\n\n<pre class=\"wp-block-verse\"><strong class=\"privacy-policy-tutorial\"><\/strong>Sollten Sie ein Konto auf dieser Website besitzen (zurzeit nicht der Fall) oder Kommentare geschrieben haben (ebenfalls ausgeschlossen), k\u00f6nnen Sie einen Export der personenbezogenen Daten sowie Ihrer Inhalte anfordern. Dar\u00fcber hinaus k\u00f6nnen Sie die L\u00f6schung aller personenbezogenen Daten, die wir gespeichert haben, anfordern. Dies umfasst nicht jene Datens\u00e4tze, die wir aufgrund administrativer, rechtlicher oder sicherheitsrelevanter Notwendigkeiten aufbewahren m\u00fcssen.<\/pre>\n","protected":false},"excerpt":{"rendered":"<p>Wer wir sind Die Adresse unserer Website lautet: http:\/\/www.lehrpraxis.or.at. Zurzeit ist diese ebenfalls erreichbar unter www.lehrpraxis.net. Das Impressum finden Sie bei Bedarf hier. Eingebettete Inhalte von anderen Websites Sollten Beitr\u00e4ge auf dieser Homepage eingebettete Inhalte beinhalten (wie externe Videos, vereinzelt auch Abbildungen), so ist zu beachten, dass eingebettete Inhalte im Falle von anderen Quellen (zu &hellip; <a href=\"https:\/\/www.lehrpraxis.or.at\/?page_id=1857\" class=\"more-link\"><span class=\"screen-reader-text\">Datenschutzerkl\u00e4rung<\/span> weiterlesen <span class=\"meta-nav\">&rarr;<\/span><\/a><\/p>\n","protected":false},"author":1,"featured_media":0,"parent":0,"menu_order":0,"comment_status":"closed","ping_status":"closed","template":"","meta":[],"_links":{"self":[{"href":"https:\/\/www.lehrpraxis.or.at\/index.php?rest_route=\/wp\/v2\/pages\/1857"}],"collection":[{"href":"https:\/\/www.lehrpraxis.or.at\/index.php?rest_route=\/wp\/v2\/pages"}],"about":[{"href":"https:\/\/www.lehrpraxis.or.at\/index.php?rest_route=\/wp\/v2\/types\/page"}],"author":[{"embeddable":true,"href":"https:\/\/www.lehrpraxis.or.at\/index.php?rest_route=\/wp\/v2\/users\/1"}],"replies":[{"embeddable":true,"href":"https:\/\/www.lehrpraxis.or.at\/index.php?rest_route=%2Fwp%2Fv2%2Fcomments&post=1857"}],"version-history":[{"count":29,"href":"https:\/\/www.lehrpraxis.or.at\/index.php?rest_route=\/wp\/v2\/pages\/1857\/revisions"}],"predecessor-version":[{"id":4274,"href":"https:\/\/www.lehrpraxis.or.at\/index.php?rest_route=\/wp\/v2\/pages\/1857\/revisions\/4274"}],"wp:attachment":[{"href":"https:\/\/www.lehrpraxis.or.at\/index.php?rest_route=%2Fwp%2Fv2%2Fmedia&parent=1857"}],"curies":[{"name":"wp","href":"https:\/\/api.w.org\/{rel}","templated":true}]}}