{"id":39,"date":"2014-04-04T12:01:57","date_gmt":"2014-04-04T10:01:57","guid":{"rendered":"http:\/\/www.lehrpraxis.or.at\/?page_id=39"},"modified":"2021-08-26T16:06:10","modified_gmt":"2021-08-26T14:06:10","slug":"ordizeiten","status":"publish","type":"page","link":"https:\/\/www.lehrpraxis.or.at\/?page_id=39","title":{"rendered":"Ordinationszeiten"},"content":{"rendered":"<h1><img loading=\"lazy\" class=\"alignleft size-full wp-image-445\" src=\"http:\/\/www.lehrpraxis.or.at\/michaelwendler\/wp-content\/uploads\/2014\/05\/anmeldung2-icon.png\" alt=\"Anmeldung Icon\" width=\"50\" height=\"50\" \/>Montag, Donnerstag, Freitag:<\/h1>\n<p><strong>9:00 &#8211; 12:00<\/strong><br \/>\nAnnahmeschlu\u00df: 11Uhr30<\/p>\n<h1>Dienstag:<\/h1>\n<p><strong>8:00 &#8211; 12:00<\/strong><br \/>\nAnnahmeschlu\u00df: 11Uhr30<\/p>\n<h1>Montag, Mittwoch:<\/h1>\n<p><strong>15:30 &#8211; 18:30<\/strong><br \/>\nAnmeldebeginn: 15Uhr30, Annahmeschlu\u00df: 18Uhr<\/p>\n<h1><img loading=\"lazy\" class=\"alignleft size-full wp-image-444\" src=\"http:\/\/www.lehrpraxis.or.at\/michaelwendler\/wp-content\/uploads\/2014\/05\/ankunft-icon.png\" alt=\"Ankunft Icon\" width=\"50\" height=\"50\" \/>Mittwoch:<\/h1>\n<p><strong>8:00 &#8211; 9:00<\/strong><br \/>\nBlutabnahme f\u00fcrs Labor, Anmeldem\u00f6glichkeit f\u00fcr Hausbesuche<br \/>\nund Versorgung dringlicher F\u00e4lle.<\/p>\n<p><strong>Telefon: (0316) 691950, Fax Nebenstelle 4<\/strong><\/p>\n<p>Nicht erreicht? <a href=\"http:\/\/www.lehrpraxis.or.at\/?p=1534\" target=\"_blank\" rel=\"noopener\">Wen soll ich nun anrufen?<\/a><\/p>\n","protected":false},"excerpt":{"rendered":"<p>Montag, Donnerstag, Freitag: 9:00 &#8211; 12:00 Annahmeschlu\u00df: 11Uhr30 Dienstag: 8:00 &#8211; 12:00 Annahmeschlu\u00df: 11Uhr30 Montag, Mittwoch: 15:30 &#8211; 18:30 Anmeldebeginn: 15Uhr30, Annahmeschlu\u00df: 18Uhr Mittwoch: 8:00 &#8211; 9:00 Blutabnahme f\u00fcrs Labor, Anmeldem\u00f6glichkeit f\u00fcr Hausbesuche und Versorgung dringlicher F\u00e4lle. Telefon: (0316) 691950, Fax Nebenstelle 4 Nicht erreicht? Wen soll ich nun anrufen?<\/p>\n","protected":false},"author":1,"featured_media":336,"parent":13,"menu_order":0,"comment_status":"closed","ping_status":"closed","template":"page-templates\/full-width.php","meta":[],"_links":{"self":[{"href":"https:\/\/www.lehrpraxis.or.at\/index.php?rest_route=\/wp\/v2\/pages\/39"}],"collection":[{"href":"https:\/\/www.lehrpraxis.or.at\/index.php?rest_route=\/wp\/v2\/pages"}],"about":[{"href":"https:\/\/www.lehrpraxis.or.at\/index.php?rest_route=\/wp\/v2\/types\/page"}],"author":[{"embeddable":true,"href":"https:\/\/www.lehrpraxis.or.at\/index.php?rest_route=\/wp\/v2\/users\/1"}],"replies":[{"embeddable":true,"href":"https:\/\/www.lehrpraxis.or.at\/index.php?rest_route=%2Fwp%2Fv2%2Fcomments&post=39"}],"version-history":[{"count":15,"href":"https:\/\/www.lehrpraxis.or.at\/index.php?rest_route=\/wp\/v2\/pages\/39\/revisions"}],"predecessor-version":[{"id":1790,"href":"https:\/\/www.lehrpraxis.or.at\/index.php?rest_route=\/wp\/v2\/pages\/39\/revisions\/1790"}],"up":[{"embeddable":true,"href":"https:\/\/www.lehrpraxis.or.at\/index.php?rest_route=\/wp\/v2\/pages\/13"}],"wp:featuredmedia":[{"embeddable":true,"href":"https:\/\/www.lehrpraxis.or.at\/index.php?rest_route=\/wp\/v2\/media\/336"}],"wp:attachment":[{"href":"https:\/\/www.lehrpraxis.or.at\/index.php?rest_route=%2Fwp%2Fv2%2Fmedia&parent=39"}],"curies":[{"name":"wp","href":"https:\/\/api.w.org\/{rel}","templated":true}]}}